rime factors of 1396?
2, 349
What are the prime factors of 361?
19
List the prime factors of 482.
2, 241
List the prime factors of 388.
2, 97
List the prime factors of 2225.
5, 89
What are the prime factors of 2987?
29, 103
List the prime factors of 449.
449
List the prime factors of 2599.
23, 113
List the prime factors of 163803.
3, 54601
List the prime factors of 98497.
7, 14071
What are the prime factors of 21014?
2, 7, 19, 79
What are the prime factors of 1797?
3, 599
What are the prime factors of 118913?
118913
What are the prime factors of 35424?
2, 3, 41
What are the prime factors of 4722?
2, 3, 787
What are the prime factors of 1484?
2, 7, 53
What are the prime factors of 1056?
2, 3, 11
What are the prime factors of 121562?
2, 7, 19, 457
List the prime factors of 1065.
3, 5, 71
What are the prime factors of 323?
17, 19
List the prime factors of 19917.
3, 2213
List the prime factors of 2660.
2, 5, 7, 19
List the prime factors of 667.
23, 29
What are the prime factors of 1852?
2, 463
What are the prime factors of 23053?
23053
What are the prime factors of 26428?
2, 6607
List the prime factors of 18478.
2, 9239
What are the prime factors of 2567?
17, 151
What are the prime factors of 64260?
2, 3, 5, 7, 17
What are the prime factors of 4564?
2, 7, 163
List the prime factors of 22364.
2, 5591
List the prime factors of 759.
3, 11, 23
What are the prime factors of 11954?
2, 43, 139
List the prime factors of 23030.
2, 5, 7, 47
What are the prime factors of 4302?
2, 3, 239
List the prime factors of 847.
7, 11
List the prime factors of 7938.
2, 3, 7
What are the prime factors of 7089?
3, 17, 139
What are the prime factors of 2399?
2399
What are the prime factors of 3672?
2, 3, 17
What are the prime factors of 97754?
2, 37, 1321
List the prime factors of 679.
7, 97
List the prime factors of 409.
409
List the prime factors of 5206.
2, 19, 137
List the prime factors of 10152.
2, 3, 47
List the prime factors of 39831.
3, 11, 17, 71
List the prime factors of 46116.
2, 3, 7, 61
What are the prime factors of 2586?
2, 3, 431
What are the prime factors of 902?
2, 11, 41
What are the prime factors of 8648?
2, 23, 47
What are the prime factors of 6057?
3, 673
What are the prime factors of 138938?
2, 127, 547
List the prime factors of 204.
2, 3, 17
What are the prime factors of 653?
653
List the prime factors of 783.
3, 29
List the prime factors of 6695.
5, 13, 103
List the prime factors of 31875.
3, 5, 17
What are the prime factors of 10427?
10427
List the prime factors of 2955.
3, 5, 197
What are the prime factors of 339?
3, 113
List the prime factors of 2071.
19, 109
List the prime factors of 291.
3, 97
List the prime factors of 68253.
3, 22751
What are the prime factors of 3880?
2, 5, 97
List the prime factors of 27575.
5, 1103
What are the prime factors of 7774?
2, 13, 23
What are the prime factors of 1469?
13, 113
List the prime factors of 7190.
2, 5, 719
List the prime factors of 7364.
2, 7, 263
List the prime factors of 15274.
2, 7, 1091
What are the prime factors of 345?
3, 5, 23
What are the prime factors of 24517?
24517
List the prime factors of 910.
2, 5, 7, 13
What are the prime factors of 1028?
2, 257
List the prime factors of 60749.
13, 4673
List the prime factors of 3454.
2, 11, 157
What are the prime factors of 7432?
2, 929
What are the prime factors of 67846?
2, 33923
List the prime factors of 2227.
17, 131
What are the prime factors of 100441?
11, 23, 397
What are the prime factors of 1663?
1663
What are the prime factors of 8829?
3, 109
What are the prime factors of 71807?
71807
List the prime factors of 1291.
1291
List the prime factors of 6973.
19, 367
List the prime factors of 49062.
2, 3, 13, 17, 37
What are the prime factors of 4415?
5, 883
List the prime factors of 11902.
2, 11, 541
What are the prime factors of 6287?
6287
List the prime factors of 17661.
3, 7, 29
What are the prime factors of 21783?
3, 53, 137
What are the prime factors of 92?
2, 23
List the prime factors of 5745.
3, 5, 383
What are the prime factors of 1874?
2, 937
List the prime factors of 8025.
3, 5, 107
List the prime factors of 7953.
3, 11, 241
List the prime factors of 11280.
2, 3, 5, 47
List the prime factors of 37131.
3, 12377
What are the prime factors of 48644?
2, 12161
List the prime factors of 95986.
2, 11, 4363
What are the prime factors of 45722?
2, 22861
What are the prime factors of 15444?
2, 3, 11, 13
List the prime factors of 22900.
2, 5, 229
List the prime factors of 23680.
2, 5, 37
List the prime factors of 172019.
31, 179
What are the prime factors of 115441?
67, 1723
What are the prime factors of 2785?
5, 557
What are the prime factors of 271?
271
List the prime factors of 3279.
3, 1093
What are the prime factors of 41051?
41051
List the prime factors of 56366.
2, 28183
What are the prime factors of 2074?
2, 17, 61
What are the prime factors of 3234?
2, 3, 7, 11
What are the prime factors of 3978?
2, 3, 13, 17
What are the prime factors of 9055?
5, 1811
List the prime factors of 91034.
2, 23, 1979
List the prime factors of 3212.
2, 11, 73
List the prime factors of 2777.
2777
List the prime factors of 87401.
71, 1231
What are the prime factors of 2527?
7, 19
What are the prime factors of 18720?
2, 3, 5, 13
What are the prime factors of 125628?
2, 3, 19, 29
What are the prime factors of 51752?
2, 6469
List the prime factors of 133.
7, 19
What are the prime factors of 144248?
2, 13, 19, 73
List the prime factors of 2923.
37, 79
List the prime factors of 48827.
157, 311
List the prime factors of 3206.
2, 7, 229
List the prime factors of 24600.
2, 3, 5, 41
What are the prime factors of 27794?
2, 13, 1069
List the prime factors of 69515.
5, 13903
List the prime factors of 578.
2, 17
What are the prime factors of 94815?
3, 5, 7, 43
What are the prime factors of 1013?
1013
What are the prime factors of 101368?
2, 12671
What are the prime factors of 1026?
2, 3, 19
List the prime factors of 1620.
2, 3, 5
What are the prime factors of 20640?
2, 3, 5, 43
What are the prime factors of 719?
719
List the prime factors of 5729.
17, 337
What are the prime factors of 3281?
17, 193
What are the prime factors of 23537?
23537
List the prime factors of 2865.
3, 5, 191
List the prime factors of 6189.
3, 2063
List the prime factors of 4392.
2, 3, 61
List the prime factors of 693.
3, 7, 11
List the prime factors of 2534.
2, 7, 181
List the prime factors of 5960.
2, 5, 149
What are the prime factors of 42?
2, 3, 7
What are the prime factors of 7397?
13, 569
What are the prime factors of 29543?
31, 953
What are the prime factors of 1823?
1823
List the prime factors of 1743.
3, 7, 83
List the prime factors of 372.
2, 3, 31
What are the prime factors of 2601?
3, 17
List the prime factors of 124890.
2, 3, 5, 23, 181
List the prime factors of 1381.
1381
List the prime factors of 66438.
2, 3, 3691
List the prime factors of 5499.
3, 13, 47
List the prime factors of 3931.
3931
List the prime factors of 36980.
2, 5, 43
What are the prime factors of 100718?
2, 50359
List the prime factors of 40656.
2, 3, 7, 11
List the prime factors of 90518.
2, 45259
What are the prime factors of 46852?
2, 13, 17, 53
What are the prime factors of 356?
2, 89
What are the prime factors of 10589?
10589
What are the prime factors of 27372?
2, 3, 2281
List the prime factors of 7687.
7687
List the prime factors of 38183.
38183
What are the prime factors of 645?
3, 5, 43
List the prime factors of 24297.
3, 7, 13, 89
List the prime factors of 9607.
13, 739
What are the prime factors of 10760?
2, 5, 269
List the prime factors of 294.
2, 3, 7
What are the prime factors of 89424?
2, 3, 23
List the prime factors of 36396.
2, 3, 337
What are the prime factors of 137?
137
What are the prime factors of 626?
2, 313
What are the prime factors of 2377?
2377
List the prime factors of 647.
647
What are the prime factors of 7093?
41, 173
What are the prime factors of 6499?
67, 97
What are the prime factors of 6447?
3, 7, 307
List the prime factors of 1334.
2, 23, 29
What are the prime factors of 729?
3
What are the prime factors of 4373?
4373
What are the prime factors of 82?
2, 41
List the prime factors of 8487.
3, 23, 41
List the prime factors of 1391.
13, 107
What are the prime factors of 92?
2, 23
List th